15. Let q be b(13). Let j(y) = -5*y - 1. Give j(q).
9
Let f(p) = 240 + 4*p - 236 - 5*p. Determine f(0).
4
Let i(m) = -m**2 - m + 2 - 6 + 5. What is i(-3)?
-5
Let q(j) = -2*j**2 + 6*j - 5. Let g(h) = -4*h**2 + 12*h - 10. Let d(y) = 4*g(y) - 7*q(y). Let x(o) = o**3 - 7*o**2 + 8*o - 8. Let a be x(6). What is d(a)?
-13
Let f(h) = h**3 - 5*h**2 - 2*h + 5. Let v be f(5). Let o(p) = 2*p + 7. Let n(j) = 6*j + 20. Let b(s) = 3*n(s) - 8*o(s). What is b(v)?
-6
Let x(p) = -8*p**2 + p. Let b be x(-1). Let a(s) = -s - 7. What is a(b)?
2
Let p(g) = -g**2 + 26 - 5*g**2 - g**3 - 19. Determine p(-6).
7
Let i(p) be the third derivative of -p**5/60 + p**3/6 + 4*p**2. Give i(-3).
-8
Let h(m) = 3*m**2 + 2*m. Let f(c) = 3*c**2 - 3*c + c**2 - 7*c**2. Let i(a) = 4*f(a) + 5*h(a). What is i(2)?
8
Let o(y) be the second derivative of 0 - 3*y - 1/3*y**3 - 5/2*y**2. What is o(-5)?
5
Let z(k) = 7*k + 1. Suppose -3*h = -0*h + 9. Let s(d) = -4*d. Let b(l) = h*z(l) - 5*s(l). Let x be 10/(-2)*12/15. What is b(x)?
1
Let d(r) = 6*r - 7. Let b(j) = -9*j + 10. Let n(p) = 5*b(p) + 8*d(p). Let u = 4 - 6. Let s be 10*(1 + 1/u). Determine n(s).
9
Let z = -9 - -11. Let b(r) = -r + 6 - z + 8. Suppose -5*s + 5*f - 2*f = -13, -13 = -s - 2*f. What is b(s)?
7
Let l(r) = -r**2 - 10*r + 2. Let g(o) = o**2 + 11*o - 3. Let s(q) = 5*g(q) + 6*l(q). What is s(-3)?
3
Let d(l) be the third derivative of l**5/60 - l**3/6 - 5*l**2 - 3*l. Give d(-2).
3
Let w(f) be the second derivative of f**5/20 + 5*f**4/12 + f**3/3 - f**2/2 + 3*f. Let a = -13 - -9. What is w(a)?
7
Let j(u) be the first derivative of u**2/2 + 4*u + 1. Suppose 4*a = 5*l + 39, 4*l = -9*a + 8*a - 27. Calculate j(l).
-3
Let f(h) = -h**3 - 4*h**2 + h. Let m(x) = -x. Let z be m(4). What is f(z)?
-4
Let a(j) = -2*j**2 - 3*j + 61. Let i(q) = q**2 + q - 30. Let f(g) = 2*a(g) + 5*i(g). What is f(0)?
-28
Let t be ((-8)/(-10))/((-4)/30). Let g be (4/t - -2)*-3. Let y(k) be the second derivative of -k**5/20 - k**4/4 + k**3/2 - k**2 - 4*k. Determine y(g).
2
Let h(u) = -3*u + 1. Let y(d) = 2*d + 23. Let j be y(-12). Calculate h(j).
4
Let i(u) = -u + 9. Let b be i(8). Let z be (b - 1)/(0 - 1). Let k(h) be the first derivative of h**3/3 + h**2/2 + h - 1. What is k(z)?
1
Let k(u) = 2*u + 16. Let g be k(-11). Let l(q) = q. What is l(g)?
-6
Let m(u) be the first derivative of u**5/120 - u**4/6 - 2*u**3/3 - 1. Let k(d) be the third derivative of m(d). Suppose -4*i - 3 = -27. What is k(i)?
2
Let d(h) = -h**2 + 5*h + 3. Suppose -3*b + 7*b - 12 = 4*r, r + 21 = 4*b. Give d(b).
-3
Let y(n) = -11*n + 1 - n + 11*n. What is y(-6)?
7
Let n(l) = -l**2 + 5*l + 4. Let y(m) = -2*m**2 + 19*m + 8. Let r(g) = -g**2 + 10*g + 4. Let i(z) = -7*r(z) + 4*y(z). Let s(h) = 4*i(h) - 5*n(h). Give s(3).
2
Suppose -4*f + 0*f - 20 = 0. Let l(n) = n**3 + 5*n**2 + 3*n. Determine l(f).
-15
Let t(c) = 10*c + 20*c**2 + 6 - 39*c**2 - 3*c + 20*c**2. Give t(-6).
0
Let l(n) = -4*n + 9. Let a(v) = 3*v - 8. Let r(c) = 3*a(c) + 2*l(c). Give r(0).
-6
Let t(k) = -k + 3. Let g be ((-3)/2)/((-6)/(-16)). Let c(j) = -j**3 - 5*j**2 - 4*j - 6. Let y be c(g). Let n be (-34)/y + (-1)/(-3). What is t(n)?
-3
Suppose -3*r + 0*r = q + 1, 3*q - 2 = -4*r. Let a(n) be the first derivative of -7/2*n**q - 1 + 3*n + 1/3*n**3. What is a(5)?
-7
Let l(a) = 2*a - 2. Let f(c) = 9*c - 59. Let k be f(7). Calculate l(k).
6
Let g be (2 + 0/(-2))/1. Let y(z) = 5 + g + 4*z - 3. Determine y(-3).
-8
Let c(o) = -o - 2. Let h be c(-4). Suppose 3*s = -6 + 33. Suppose y + s = -h*y. Let u(m) = 2*m + 2. Give u(y).
-4
Let r(x) be the second derivative of x**5/20 - x**4/3 - 5*x**3/6 + 15*x. Calculate r(5).
0
Let d(t) = 1 + 8*t - t - t. Give d(3).
19
Let s(n) = -n**2 - 3. Let k be 2/8*5/(5/12). What is s(k)?
-12
Let q(t) = t - 5. Suppose 0 = -4*o + 2*o - 3*g - 10, 0 = -g - 4. Let a(v) = -v**3 + v. Let h be a(o). Determine q(h).
-5
Let o(y) = y**2 + 13*y + 15. Suppose 13*z - 11*z = -22. Determine o(z).
-7
Suppose o = 4*o. Let q = -2 - o. Let l = -7 - q. Let v(f) = f**3 + 4*f**2 - 5*f. Give v(l).
0
Let n(v) = -v + 1. Let r be 10/35 - (-38)/14. Suppose -10 = 5*k - q + r*q, -3*k + q + 5 = 0. Determine n(k).
1
Suppose 3*d + 7 = -20. Let b be ((-8)/12)/(2/d). Let a(k) = -b*k - 2*k + 3 + k + 0*k. Give a(2).
-5
Let b be (2/(-4))/((-3)/6). Let p(z) = z. Let x(m) = -5*m. Let d(h) = b*x(h) + 3*p(h). Give d(1).
-2
Let c(y) = 3*y**2 - 2*y + 1. Suppose -1 = 5*v + 9. Give c(v).
17
Let m(f) = -5 + 18*f + f**2 + 3 - 5 - 11*f. What is m(-6)?
-13
Suppose -5*x - 3*g + 2 = -x, 2*g - 4 = 0. Let v = -1 + 4. Let w(o) = o + v + 9 - 11. What is w(x)?
0
Suppose 0*z - 3 = z. Let n(k) = -5*k + 1. Let f be n(z). Suppose -f = 2*p - 3*y, 0 = 4*p - 7*p - 5*y + 14. Let c(o) = -o**2 - o + 1. Determine c(p).
-1
Let c(s) = -2*s. Let x(p) = p**3 + 5*p**2 + 4*p - 4. Let j be x(-4). Give c(j).
8
Let n be (-1)/((3/(-1))/(-9)). Let p(j) = -j**3 - j**2 + 4*j - 1. Give p(n).
5
Let q(p) = p. Let b(l) = 5*l - 3. Let j be b(3). Suppose 2*h + j = 2*x + 4*h, 4*x - h + 1 = 0. Determine q(x).
1
Let x(v) be the first derivative of -5*v**4/4 - 4*v**3/3 - 7*v**2/2 - 2*v - 4. Let w(m) = -m**3 - m. Let q(o) = -4*w(o) + x(o). What is q(-4)?
10
Suppose 0 = 5*g - 4*n + 19, 3*n + 7 = -5*g - 5. Let p(v) = -16*v**2 - 31*v + 1. Let k(h) = -3*h**2 - 6*h. Let o(w) = 11*k(w) - 2*p(w). Calculate o(g).
1
Let c = 9 + -8. Let a be -3 + c + 4 + -1. Let m(i) = -11*i - 1. What is m(a)?
-12
Let c(r) = -333 + 2*r**2 + 335 - r**2 - 2*r. Let s = -2 - -4. What is c(s)?
2
Let g be (-2 + -1)/(6/(-40)). Suppose 8 = -4*l + g. Let c(f) = -3*f + 4. What is c(l)?
-5
Let w(j) = -3*j**3 + 3*j**2 + 5*j - 6. Let i(s) = 8*s**3 - 8*s**2 - 14*s + 18. Let d(k) = 4*i(k) + 11*w(k). What is d(0)?
6
Let q(o) = o**2 + 2*o + 3. Let x(y) = y + 1. Let m(t) = -q(t) + 5*x(t). Give m(-2).
-8
Let w(c) = -c - 11. Let b = 4 + -2. Let h(g) = -g + 1. Let r(k) = -k**2 - 4*k - 1. Let d be r(-4). Let l(u) = b*h(u) + d*w(u). Give l(0).
13
Suppose -k + 4*d = 15, 0 = k + 7*d - 2*d - 21. Let m(z) be the first derivative of 9*z**2/2 + z - 1. Determine m(k).
10
Let m(k) = -2*k. Let a(q) = -2*q. Let h(u) = 5*a(u) - 4*m(u). Determine h(-3).
6
Let c be -13 - (3 - 5 - 6). Let l(p) be the second derivative of 0 - 2*p**2 - p - 1/6*p**3. Give l(c).
1
Let z(r) = r**3 - 3*r**2. Suppose -3*x = 0, -3*m + 0*x = -3*x - 3. Let v be 1 + -2 + 3 + m. Let w = 6 - v. Determine z(w).
0
Let u = -1 - -1. Let l(x) = 2*x + u - 3*x - 3. Calculate l(0).
-3
Let p(u) be the third derivative of -u**5/60 + 5*u**4/24 - u**3/6 + u**2. Let k(o) = 5*o - 2 + 3*o - 3*o - o**2 + o. Let l(h) = 3*k(h) - 4*p(h). Calculate l(3).
1
Let o = 6 - 1. Let f be o/(-10) + 9/(-2). Let i(j) be the second derivative of j**4/12 + 5*j**3/6 - 7*j**2/2 + j. What is i(f)?
-7
Let u be (27/18)/((-1)/(-2)). Let s(m) = -m**3 + 3*m**2 + 2*m - 4. Give s(u).
2
Suppose -2*w - 4 = 4. Let a be 5 - 2/(-4)*-4. Let o(x) = 3 - 4*x**2 + 2*x - x**a - x - 4. Give o(w).
-5
Let g(w) = -w**3 - 11*w**2 - 10*w - 4. Suppose 2*f + f - 4*i = -50, 5*f + 5*i + 25 = 0. Determine g(f).
-4
Let a(u) = -u**2 + 5*u + 2. Let x be a(5). Let n(w) = -w**2 - w + 1. Let o(c) = 5*c**2 + 3*c - 4. Let z(k) = 4*n(k) + o(k). Give z(x).
2
Let d be (9/6)/((-11)/(-4) - 2). Let w(n) be the first derivative of -1/2*n**d + n + 1. What is w(-1)?
2
Let y be (-15 + 25)*2/(-4). Let a(f) = f - 5. Determine a(y).
-10
Let u(y) be the third derivative of y**4/24 + 2*y**3/3 - y**2. Suppose -55 = -10*p + 21*p. Give u(p).
-1
Let c(z) be the first derivative of z**4/4 - 7*z**3/3 - z**2/2 + 7*z + 9. Give c(7).
0
Let v(x) = -x**3 + 8*x**2 + 9*x + 2. Let t be v(9). Let g(m) = 3*m**2 - 4*m**2 + 3*m**2 - 3 - 3*m**t - 4*m. What is g(-3)?
0
Let q(l) = 2*l - 2. Let f be q(3). Let a(i) be the second derivative of 0 + 1/3*i**3 + 3*i - 5/2*i**2. What is a(f)?
3
Let s(v) be the third derivative of -v**4/24 - 11*v**3/6 + v**2. Let a(d) = d**2 - 4*d - 5. Let w be a(5). Let p be (-1 + -2 - 2) + w. Determine s(p).
-6
Let l(q) = -q - 3. Suppose 0 = -3*f + d - 3, -15 = -5*d - 0. Give l(f).
-3
Let s(d) = -d**2 + 5*d + 3. Suppose -q + 5 = -1. Calculate s(q).
-3
Let q(l) = 16*l - 1. Let t(p) = p**3 + 3*p**2 + 3*p + 3. Let y(u) = -u + 14. Let f be y(16). Let i be t(f). Give q(i).
15
Let n(k) = k**3 - 8*k**2 - 10*k + 12. Let i be n(9). Let r(p) = -6*p**3 + 5*p**i + 3*p - p**2 + 3*p**2 -